?
False
Is 9823715309 composite?
False
Is 78237936727 prime?
True
Is 35755129 a composite number?
False
Is 10546336301 composite?
True
Is 154162159 a composite number?
False
Is 30638788549 prime?
False
Is 2205914629 composite?
True
Is 3774403901 a prime number?
True
Is 4145125199 a prime number?
True
Is 494307313 a prime number?
False
Is 883477057 a prime number?
True
Is 97073845009 a prime number?
False
Is 2940340747 composite?
False
Is 578102177 prime?
True
Is 8135713 a prime number?
True
Is 1763210327 a prime number?
True
Is 547279801 a prime number?
True
Is 2460596639 composite?
False
Is 39445921429 a prime number?
False
Is 80979943549 a prime number?
True
Is 461136493 composite?
False
Is 61728761723 a prime number?
False
Is 23481661559 a prime number?
True
Is 31532160641 prime?
False
Is 825879877 a prime number?
False
Is 27367716511 a composite number?
True
Is 5570617739 composite?
False
Is 13447363649 a composite number?
True
Is 987891427 prime?
False
Is 2609629483 composite?
False
Is 9035389019 prime?
True
Is 3149375059 a prime number?
True
Is 107689591 prime?
True
Is 321860971 composite?
False
Is 2071284613 composite?
False
Is 868208881 a prime number?
True
Is 179981848157 a composite number?
True
Is 1074210857 prime?
True
Is 939785893 prime?
True
Is 2952312299 a composite number?
True
Is 148453033 prime?
True
Is 420329260887 a prime number?
False
Is 261203539 composite?
False
Is 2016868957 a composite number?
False
Is 213267991 a prime number?
True
Is 47925887617 composite?
False
Is 180982001857 composite?
False
Is 715762261 a prime number?
True
Is 10838495009 a prime number?
True
Is 147076379 composite?
True
Is 3808392409 composite?
True
Is 3446450729 composite?
True
Is 4004047361 composite?
True
Is 5803502513 a prime number?
False
Is 11664957305 a composite number?
True
Is 2345194139 a composite number?
True
Is 36052131883 composite?
False
Is 10601431735 a composite number?
True
Is 19236550631 prime?
True
Is 54003860869 prime?
False
Is 124008413281 a composite number?
False
Is 1975078429 a composite number?
True
Is 28148935179 a prime number?
False
Is 534421933 a composite number?
True
Is 2046826261 composite?
True
Is 41719511 composite?
False
Is 5873348233 composite?
True
Is 3388721363 a prime number?
False
Is 13801976285 prime?
False
Is 64813414931 composite?
True
Is 20449111831 a composite number?
False
Is 47309149 prime?
True
Is 127249511 a prime number?
True
Is 347895307 composite?
False
Is 5590162681 composite?
False
Is 64656241003 a composite number?
False
Is 6140486497 a prime number?
True
Is 1426211989 composite?
False
Is 81955988723 a composite number?
True
Is 3713671571 a composite number?
True
Is 32918180153 a prime number?
True
Is 16296626179 a prime number?
True
Is 36160415099 prime?
False
Is 105676113181 a prime number?
True
Is 1130421493 composite?
True
Is 63859962791 prime?
False
Is 15078338069 prime?
True
Is 159036461 prime?
False
Is 3336237631 prime?
False
Is 79884229 prime?
False
Is 4364363111 a composite number?
False
Is 1797375157 composite?
False
Is 19789555739 a prime number?
False
Is 233584019 composite?
True
Is 2286650581 prime?
False
Is 5054546291 composite?
False
Is 112229041 a prime number?
True
Is 88869380473 prime?
True
Is 9048493879 composite?
True
Is 1066896202 a composite number?
True
Is 55041469433 composite?
False
Is 25830775471 composite?
False
Is 14745569357 prime?
True
Is 72228836543 prime?
True
Is 162373139 a composite number?
True
Is 239615009 prime?
True
Is 22155537311 prime?
False
Is 1191108673 prime?
True
Is 11194066967 a composite number?
False
Is 174126833 a prime number?
True
Is 754852117 composite?
False
Is 3558301793 composite?
True
Is 134967238543 a composite number?
True
Is 24846871157 a prime number?
True
Is 33312289 a prime number?
False
Is 20557693229 prime?
True
Is 21606129443 a composite number?
True
Is 200227507 a prime number?
True
Is 176432206871 composite?
False
Is 3261515839 a composite number?
False
Is 68458771 composite?
False
Is 28407943771 composite?
False
Is 3316117691 a composite number?
False
Is 1090421713 prime?
False
Is 2418705461 composite?
True
Is 335126791 composite?
True
Is 51000973 a composite number?
True
Is 52772024869 a composite number?
True
Is 76462102 composite?
True
Is 3889461549 prime?
False
Is 1015798241 a composite number?
False
Is 329896873 a composite number?
True
Is 4447774139 prime?
False
Is 8623323617 a composite number?
False
Is 657208459 prime?
True
Is 149426237 a composite number?
False
Is 1694918873 a prime number?
False
Is 27383841853 prime?
True
Is 12718458529 a prime number?
False
Is 1715990629 a composite number?
False
Is 159150749 a prime number?
False
Is 24606604591 prime?
True
Is 459335391 a prime number?
False
Is 67321101877 a prime number?
True
Is 2263509271 a composite number?
False
Is 735394039 a prime number?
True
Is 746185847 a prime number?
False
Is 1548558589 a composite number?
True
Is 4171259749 a composite number?
False
Is 40951332743 a composite number?
False
Is 6146553559 composite?
True
Is 706133399 a prime number?
True
Is 48515852321 a composite number?
False
Is 11530392257 a prime number?
False
Is 836676601 prime?
False
Is 362196371 composite?
True
Is 170932999277 composite?
False
Is 5246725469 a composite number?
True
Is 23046842951 composite?
True
Is 33445253 a prime number?
True
Is 6975929489 a prime number?
True
Is 22411271 prime?
True
Is 53356871 composite?
False
Is 109583923 a composite number?
False
Is 408276727 a composite number?
True
Is 12587388823 composite?
True
Is 761344295 a prime number?
False
Is 99198852737 a composite number?
False
Is 15826355521 prime?
False
Is 5386112861 a composite number?
False
Is 1789881241 composite?
True
Is 21902180939 a prime number?
True
Is 4534125023 a prime number?
True
Is 11119662829 a composite number?
True
Is 269396537 composite?
True
Is 6473714673 a prime number?
False
Is 635089669 a prime number?
False
Is 116010887 a composite number?
False
Is 7926352573 a prime number?
False
Is 89919737 a composite number?
False
Is 97819739 a prime number?
True
Is 332843129 composite?
True
Is 14693231797 a composite number?
False
Is 2835257521 prime?
True
Is 121331609111 composite?
False
Is 3115195133 prime?
True
Is 23381707873 a composite number?
False
Is 1221287059 a prime number?
False
Is 4165899559 prime?
False
Is 47850961 a prime number?
False
Is 26026772621 composite?
False
Is 5365009229 a prime number?
True
Is 79203762493 a composite number?
False
Is 14428597786 prime?
False
Is 3103586534 prime?
False
Is 8037365603 prime?
True
Is 435894659 composite?
True
Is 70035539027 a prime number?
True
Is 860759771 a prime number?
False
Is 5722893259 a prime number?
False
Is 148692029 prime?
True
Is 1090549849 prime?
True
Is 4331245463 a prime number?
False
Is 224571967 composite?
True
Is 5619482261 composite?
False
Is 3329302411 a prime number?
True
Is 79390336951 a prime number?
False
Is 5587057961 composite?
True
Is 23028569 a prime number?
True
Is 48795157 composite?
True
Is 13259219294 composite?
True
Is 524216993 prime?
True
Is 514500163 prime?
True
Is 6607827883 composite?
False
Is 43084713811 a composite number?
True
Is 237133859 a composite number?
False
Is 4326643157 a composite number?
True
Is 3974632229 a prime number?
False
Is 1070002511 composite?
False
Is 120693059 composite?
True
Is 2134577899 composite?
False
Is 39001303879 prime?
False
Is 11054757443 a composite number?
False
Is 1214463443 composite?
True
Is 24730090219 prime?
True
Is 14835840791 composite?
False
Is 2194455547 a composite number?
False
Is 158249653 composite?
True
Is 518250361 a composite number?
True
Is 718627241 a prime number?
True
Is 1398168509 prime?
True
Is 1536715517 a prime number?
True
Is 1043199323 composite?
False
Is 3584897269 prime?
False
Is 1298298217 composite?
True
Is 3034670681 prime?
False
Is 14084216119 a composite number?
False
Is 7017171983 a composite number?
False
Is 6591673 composite?
True
Is 67529467 a prime number?
False
Is 1786870903 composite?
True
Is 200864563 a composite number?
False
Is 1087781495 composite?
True
Is 29914472983 a prime number?
True
Is 487219021 composite?
True
Is 7976290789 composite?
False
Is 6781128803 a prime number?
False
Is 20395718818 a composite 